{"id":21,"count":6,"description":"Notre expertise s'\u00e9tend \u00e0 la cr\u00e9ation de fontaines dans les espaces urbains, ajoutant une touche rafra\u00eechissante et po\u00e9tique \u00e0 notre vision de l'urbanit\u00e9 harmonieuse. Notre approche holistique int\u00e8gre l'eau et la v\u00e9g\u00e9tation pour cr\u00e9er des espaces urbains accueillants, inspirants et durables.","link":"https:\/\/groupe-capvert.com\/en\/category\/amenagements-urbains\/","name":"Am\u00e9nagements urbains","slug":"amenagements-urbains","taxonomy":"category","parent":13,"meta":[],"acf":{"img_a_la_une":{"ID":5926,"id":5926,"title":"icon_amenagement","filename":"icon_amenagement-1.svg","filesize":10974,"url":"https:\/\/groupe-capvert.com\/wp-content\/uploads\/2024\/05\/icon_amenagement-1.svg","link":"https:\/\/groupe-capvert.com\/en\/icon_amenagement-3\/","alt":"","author":"1","description":"","caption":"","name":"icon_amenagement-3","status":"inherit","uploaded_to":0,"date":"2024-05-21 08:10:05","modified":"2024-05-21 08:10:05","menu_order":0,"mime_type":"image\/svg+xml","type":"image","subtype":"svg+xml","icon":"https:\/\/groupe-capvert.com\/wp-includes\/images\/media\/default.png","width":115,"height":89,"sizes":{"thumbnail":"https:\/\/groupe-capvert.com\/wp-content\/uploads\/2024\/05\/icon_amenagement-1.svg","thumbnail-width":115,"thumbnail-height":89,"medium":"https:\/\/groupe-capvert.com\/wp-content\/uploads\/2024\/05\/icon_amenagement-1.svg","medium-width":115,"medium-height":89,"medium_large":"https:\/\/groupe-capvert.com\/wp-content\/uploads\/2024\/05\/icon_amenagement-1.svg","medium_large-width":115,"medium_large-height":89,"large":"https:\/\/groupe-capvert.com\/wp-content\/uploads\/2024\/05\/icon_amenagement-1.svg","large-width":115,"large-height":89,"1536x1536":"https:\/\/groupe-capvert.com\/wp-content\/uploads\/2024\/05\/icon_amenagement-1.svg","1536x1536-width":115,"1536x1536-height":89,"2048x2048":"https:\/\/groupe-capvert.com\/wp-content\/uploads\/2024\/05\/icon_amenagement-1.svg","2048x2048-width":115,"2048x2048-height":89,"1920-1080":"https:\/\/groupe-capvert.com\/wp-content\/uploads\/2024\/05\/icon_amenagement-1.svg","1920-1080-width":115,"1920-1080-height":89,"1000-600":"https:\/\/groupe-capvert.com\/wp-content\/uploads\/2024\/05\/icon_amenagement-1.svg","1000-600-width":115,"1000-600-height":89}},"chiffre1":"","chiffre2":"","chiffre3":"","video":"","intro":"Nous red\u00e9finissons l'urbanit\u00e9 en compagnie de la nature. Notre approche m\u00e9ticuleuse du travail v\u00e9g\u00e9tal vise \u00e0 cr\u00e9er des sc\u00e8nes verdoyantes et des tableaux vivants dans les environnements urbains. Nous nous engageons \u00e0 recr\u00e9er des conditions optimales pour le d\u00e9veloppement des plantes, offrant ainsi une nouvelle d\u00e9finition de la vie citadine, o\u00f9 le vert prend toute sa place.","img_a_la_une_2":{"ID":4897,"id":4897,"title":"SEPA et CCA PERROT - JO","filename":"SEPA-et-CCA-PERROT-JO.jpg","filesize":698446,"url":"https:\/\/groupe-capvert.com\/wp-content\/uploads\/2024\/05\/SEPA-et-CCA-PERROT-JO.jpg","link":"https:\/\/groupe-capvert.com\/en\/la-contribution-de-nos-entites-sports-et-paysages-sepa-et-cca-perrot-aux-jo-2024\/sepa-et-cca-perrot-jo\/","alt":"","author":"1","description":"","caption":"","name":"sepa-et-cca-perrot-jo","status":"inherit","uploaded_to":4877,"date":"2024-05-13 11:15:40","modified":"2024-05-13 11:15:40","menu_order":0,"mime_type":"image\/jpeg","type":"image","subtype":"jpeg","icon":"https:\/\/groupe-capvert.com\/wp-includes\/images\/media\/default.png","width":2048,"height":1365,"sizes":{"thumbnail":"https:\/\/groupe-capvert.com\/wp-content\/uploads\/2024\/05\/SEPA-et-CCA-PERROT-JO-500x300.jpg","thumbnail-width":500,"thumbnail-height":300,"medium":"https:\/\/groupe-capvert.com\/wp-content\/uploads\/2024\/05\/SEPA-et-CCA-PERROT-JO-300x200.jpg","medium-width":300,"medium-height":200,"medium_large":"https:\/\/groupe-capvert.com\/wp-content\/uploads\/2024\/05\/SEPA-et-CCA-PERROT-JO-768x512.jpg","medium_large-width":768,"medium_large-height":512,"large":"https:\/\/groupe-capvert.com\/wp-content\/uploads\/2024\/05\/SEPA-et-CCA-PERROT-JO-1620x1080.jpg","large-width":1620,"large-height":1080,"1536x1536":"https:\/\/groupe-capvert.com\/wp-content\/uploads\/2024\/05\/SEPA-et-CCA-PERROT-JO.jpg","1536x1536-width":1536,"1536x1536-height":1024,"2048x2048":"https:\/\/groupe-capvert.com\/wp-content\/uploads\/2024\/05\/SEPA-et-CCA-PERROT-JO.jpg","2048x2048-width":2048,"2048x2048-height":1365,"1920-1080":"https:\/\/groupe-capvert.com\/wp-content\/uploads\/2024\/05\/SEPA-et-CCA-PERROT-JO-1920x1080.jpg","1920-1080-width":1920,"1920-1080-height":1080,"1000-600":"https:\/\/groupe-capvert.com\/wp-content\/uploads\/2024\/05\/SEPA-et-CCA-PERROT-JO-1000x600.jpg","1000-600-width":1000,"1000-600-height":600}}},"z_taxonomy_image_url":"https:\/\/groupe-capvert.com\/wp-content\/plugins\/categories-images\/assets\/images\/placeholder.png","yoast_head":"<!-- This site is optimized with the Yoast SEO plugin v26.8 - https:\/\/yoast.com\/product\/yoast-seo-wordpress\/ -->\n<title>Am\u00e9nagements urbains - Groupe Cap Vert<\/title>\n<meta name=\"description\" content=\"L&#039;expertise Cap Vert s\u2019\u00e9tend \u00e0 la cr\u00e9ation de fontaines dans les espaces urbains, ajoutant une touche rafra\u00eechissante et po\u00e9tique \u00e0 notre vision de l\u2019urbanit\u00e9 harmonieuse. Notre approche holistique int\u00e8gre l\u2019eau et la v\u00e9g\u00e9tation pour cr\u00e9er des espaces urbains accueillants, inspirants et durables.\" \/>\n<meta name=\"robots\" content=\"index, follow, max-snippet:-1, max-image-preview:large, max-video-preview:-1\" \/>\n<link rel=\"canonical\" href=\"https:\/\/groupe-capvert.com\/en\/category\/amenagements-urbains\/\" \/>\n<meta property=\"og:locale\" content=\"en_GB\" \/>\n<meta property=\"og:type\" content=\"article\" \/>\n<meta property=\"og:title\" content=\"Am\u00e9nagements urbains - Groupe Cap Vert\" \/>\n<meta property=\"og:description\" content=\"L&#039;expertise Cap Vert s\u2019\u00e9tend \u00e0 la cr\u00e9ation de fontaines dans les espaces urbains, ajoutant une touche rafra\u00eechissante et po\u00e9tique \u00e0 notre vision de l\u2019urbanit\u00e9 harmonieuse. Notre approche holistique int\u00e8gre l\u2019eau et la v\u00e9g\u00e9tation pour cr\u00e9er des espaces urbains accueillants, inspirants et durables.\" \/>\n<meta property=\"og:url\" content=\"https:\/\/groupe-capvert.com\/en\/category\/amenagements-urbains\/\" \/>\n<meta property=\"og:site_name\" content=\"Groupe Cap Vert\" \/>\n<meta property=\"og:image\" content=\"https:\/\/groupe-capvert.com\/wp-content\/uploads\/2023\/10\/logo.png\" \/>\n\t<meta property=\"og:image:width\" content=\"763\" \/>\n\t<meta property=\"og:image:height\" content=\"354\" \/>\n\t<meta property=\"og:image:type\" content=\"image\/png\" \/>\n<meta name=\"twitter:card\" content=\"summary_large_image\" \/>\n<script type=\"application\/ld+json\" class=\"yoast-schema-graph\">{\"@context\":\"https:\/\/schema.org\",\"@graph\":[{\"@type\":\"CollectionPage\",\"@id\":\"https:\/\/groupe-capvert.com\/en\/category\/amenagements-urbains\/\",\"url\":\"https:\/\/groupe-capvert.com\/en\/category\/amenagements-urbains\/\",\"name\":\"Am\u00e9nagements urbains - Groupe Cap Vert\",\"isPartOf\":{\"@id\":\"https:\/\/groupe-capvert.com\/#website\"},\"description\":\"L'expertise Cap Vert s\u2019\u00e9tend \u00e0 la cr\u00e9ation de fontaines dans les espaces urbains, ajoutant une touche rafra\u00eechissante et po\u00e9tique \u00e0 notre vision de l\u2019urbanit\u00e9 harmonieuse. Notre approche holistique int\u00e8gre l\u2019eau et la v\u00e9g\u00e9tation pour cr\u00e9er des espaces urbains accueillants, inspirants et durables.\",\"breadcrumb\":{\"@id\":\"https:\/\/groupe-capvert.com\/en\/category\/amenagements-urbains\/#breadcrumb\"},\"inLanguage\":\"en-GB\"},{\"@type\":\"BreadcrumbList\",\"@id\":\"https:\/\/groupe-capvert.com\/en\/category\/amenagements-urbains\/#breadcrumb\",\"itemListElement\":[{\"@type\":\"ListItem\",\"position\":1,\"name\":\"Accueil\",\"item\":\"https:\/\/groupe-capvert.com\/\"},{\"@type\":\"ListItem\",\"position\":2,\"name\":\"Nos activit\u00e9s\",\"item\":\"https:\/\/groupe-capvert.com\/category\/activites\/\"},{\"@type\":\"ListItem\",\"position\":3,\"name\":\"Am\u00e9nagements urbains\"}]},{\"@type\":\"WebSite\",\"@id\":\"https:\/\/groupe-capvert.com\/en\/#website\",\"url\":\"https:\/\/groupe-capvert.com\/en\/\",\"name\":\"Groupe Cap Vert\",\"description\":\"\",\"publisher\":{\"@id\":\"https:\/\/groupe-capvert.com\/en\/#organization\"},\"potentialAction\":[{\"@type\":\"SearchAction\",\"target\":{\"@type\":\"EntryPoint\",\"urlTemplate\":\"https:\/\/groupe-capvert.com\/en\/?s={search_term_string}\"},\"query-input\":{\"@type\":\"PropertyValueSpecification\",\"valueRequired\":true,\"valueName\":\"search_term_string\"}}],\"inLanguage\":\"en-GB\"},{\"@type\":\"Organization\",\"@id\":\"https:\/\/groupe-capvert.com\/en\/#organization\",\"name\":\"Groupe Cap Vert\",\"url\":\"https:\/\/groupe-capvert.com\/en\/\",\"logo\":{\"@type\":\"ImageObject\",\"inLanguage\":\"en-GB\",\"@id\":\"https:\/\/groupe-capvert.com\/en\/#\/schema\/logo\/image\/\",\"url\":\"https:\/\/groupe-capvert.com\/wp-content\/uploads\/2023\/10\/logo.png\",\"contentUrl\":\"https:\/\/groupe-capvert.com\/wp-content\/uploads\/2023\/10\/logo.png\",\"width\":763,\"height\":354,\"caption\":\"Groupe Cap Vert\"},\"image\":{\"@id\":\"https:\/\/groupe-capvert.com\/en\/#\/schema\/logo\/image\/\"},\"sameAs\":[\"https:\/\/www.linkedin.com\/company\/groupe-capvert\"]}]}<\/script>\n<!-- \/ Yoast SEO plugin. -->","yoast_head_json":{"title":"Am\u00e9nagements urbains - Groupe Cap Vert","description":"L'expertise Cap Vert s\u2019\u00e9tend \u00e0 la cr\u00e9ation de fontaines dans les espaces urbains, ajoutant une touche rafra\u00eechissante et po\u00e9tique \u00e0 notre vision de l\u2019urbanit\u00e9 harmonieuse. Notre approche holistique int\u00e8gre l\u2019eau et la v\u00e9g\u00e9tation pour cr\u00e9er des espaces urbains accueillants, inspirants et durables.","robots":{"index":"index","follow":"follow","max-snippet":"max-snippet:-1","max-image-preview":"max-image-preview:large","max-video-preview":"max-video-preview:-1"},"canonical":"https:\/\/groupe-capvert.com\/en\/category\/amenagements-urbains\/","og_locale":"en_GB","og_type":"article","og_title":"Am\u00e9nagements urbains - Groupe Cap Vert","og_description":"L'expertise Cap Vert s\u2019\u00e9tend \u00e0 la cr\u00e9ation de fontaines dans les espaces urbains, ajoutant une touche rafra\u00eechissante et po\u00e9tique \u00e0 notre vision de l\u2019urbanit\u00e9 harmonieuse. Notre approche holistique int\u00e8gre l\u2019eau et la v\u00e9g\u00e9tation pour cr\u00e9er des espaces urbains accueillants, inspirants et durables.","og_url":"https:\/\/groupe-capvert.com\/en\/category\/amenagements-urbains\/","og_site_name":"Groupe Cap Vert","og_image":[{"width":763,"height":354,"url":"https:\/\/groupe-capvert.com\/wp-content\/uploads\/2023\/10\/logo.png","type":"image\/png"}],"twitter_card":"summary_large_image","schema":{"@context":"https:\/\/schema.org","@graph":[{"@type":"CollectionPage","@id":"https:\/\/groupe-capvert.com\/en\/category\/amenagements-urbains\/","url":"https:\/\/groupe-capvert.com\/en\/category\/amenagements-urbains\/","name":"Am\u00e9nagements urbains - Groupe Cap Vert","isPartOf":{"@id":"https:\/\/groupe-capvert.com\/#website"},"description":"L'expertise Cap Vert s\u2019\u00e9tend \u00e0 la cr\u00e9ation de fontaines dans les espaces urbains, ajoutant une touche rafra\u00eechissante et po\u00e9tique \u00e0 notre vision de l\u2019urbanit\u00e9 harmonieuse. Notre approche holistique int\u00e8gre l\u2019eau et la v\u00e9g\u00e9tation pour cr\u00e9er des espaces urbains accueillants, inspirants et durables.","breadcrumb":{"@id":"https:\/\/groupe-capvert.com\/en\/category\/amenagements-urbains\/#breadcrumb"},"inLanguage":"en-GB"},{"@type":"BreadcrumbList","@id":"https:\/\/groupe-capvert.com\/en\/category\/amenagements-urbains\/#breadcrumb","itemListElement":[{"@type":"ListItem","position":1,"name":"Accueil","item":"https:\/\/groupe-capvert.com\/"},{"@type":"ListItem","position":2,"name":"Nos activit\u00e9s","item":"https:\/\/groupe-capvert.com\/category\/activites\/"},{"@type":"ListItem","position":3,"name":"Am\u00e9nagements urbains"}]},{"@type":"WebSite","@id":"https:\/\/groupe-capvert.com\/en\/#website","url":"https:\/\/groupe-capvert.com\/en\/","name":"Groupe Cap Vert","description":"","publisher":{"@id":"https:\/\/groupe-capvert.com\/en\/#organization"},"potentialAction":[{"@type":"SearchAction","target":{"@type":"EntryPoint","urlTemplate":"https:\/\/groupe-capvert.com\/en\/?s={search_term_string}"},"query-input":{"@type":"PropertyValueSpecification","valueRequired":true,"valueName":"search_term_string"}}],"inLanguage":"en-GB"},{"@type":"Organization","@id":"https:\/\/groupe-capvert.com\/en\/#organization","name":"Groupe Cap Vert","url":"https:\/\/groupe-capvert.com\/en\/","logo":{"@type":"ImageObject","inLanguage":"en-GB","@id":"https:\/\/groupe-capvert.com\/en\/#\/schema\/logo\/image\/","url":"https:\/\/groupe-capvert.com\/wp-content\/uploads\/2023\/10\/logo.png","contentUrl":"https:\/\/groupe-capvert.com\/wp-content\/uploads\/2023\/10\/logo.png","width":763,"height":354,"caption":"Groupe Cap Vert"},"image":{"@id":"https:\/\/groupe-capvert.com\/en\/#\/schema\/logo\/image\/"},"sameAs":["https:\/\/www.linkedin.com\/company\/groupe-capvert"]}]}},"_links":{"self":[{"href":"https:\/\/groupe-capvert.com\/en\/wp-json\/wp\/v2\/categories\/21","targetHints":{"allow":["GET"]}}],"collection":[{"href":"https:\/\/groupe-capvert.com\/en\/wp-json\/wp\/v2\/categories"}],"about":[{"href":"https:\/\/groupe-capvert.com\/en\/wp-json\/wp\/v2\/taxonomies\/category"}],"up":[{"embeddable":true,"href":"https:\/\/groupe-capvert.com\/en\/wp-json\/wp\/v2\/categories\/13"}],"wp:post_type":[{"href":"https:\/\/groupe-capvert.com\/en\/wp-json\/wp\/v2\/posts?categories=21"}],"curies":[{"name":"wp","href":"https:\/\/api.w.org\/{rel}","templated":true}]}}

Notre expertise s'étend à la création de fontaines dans les espaces urbains, ajoutant une touche rafraîchissante et poétique à notre vision de l'urbanité harmonieuse. Notre approche holistique intègre l'eau et la végétation pour créer des espaces urbains accueillants, inspirants et durables.

Aménagements urbains

Nous redéfinissons l'urbanité en compagnie de la nature. Notre approche méticuleuse du travail végétal vise à créer des scènes verdoyantes et des tableaux vivants dans les environnements urbains. Nous nous engageons à recréer des conditions optimales pour le développement des plantes, offrant ainsi une nouvelle définition de la vie citadine, où le vert prend toute sa place.

<!-- This site is optimized with the Yoast SEO plugin v26.8 - https://yoast.com/product/yoast-seo-wordpress/ -->
<title>Aménagements urbains - Groupe Cap Vert</title>
<meta name="description" content="L&#039;expertise Cap Vert s’étend à la création de fontaines dans les espaces urbains, ajoutant une touche rafraîchissante et poétique à notre vision de l’urbanité harmonieuse. Notre approche holistique intègre l’eau et la végétation pour créer des espaces urbains accueillants, inspirants et durables." />
<meta name="robots" content="index, follow, max-snippet:-1, max-image-preview:large, max-video-preview:-1" />
<link rel="canonical" href="https://groupe-capvert.com/en/category/amenagements-urbains/" />
<meta property="og:locale" content="en_GB" />
<meta property="og:type" content="article" />
<meta property="og:title" content="Aménagements urbains - Groupe Cap Vert" />
<meta property="og:description" content="L&#039;expertise Cap Vert s’étend à la création de fontaines dans les espaces urbains, ajoutant une touche rafraîchissante et poétique à notre vision de l’urbanité harmonieuse. Notre approche holistique intègre l’eau et la végétation pour créer des espaces urbains accueillants, inspirants et durables." />
<meta property="og:url" content="https://groupe-capvert.com/en/category/amenagements-urbains/" />
<meta property="og:site_name" content="Groupe Cap Vert" />
<meta property="og:image" content="https://groupe-capvert.com/wp-content/uploads/2023/10/logo.png" />
	<meta property="og:image:width" content="763" />
	<meta property="og:image:height" content="354" />
	<meta property="og:image:type" content="image/png" />
<meta name="twitter:card" content="summary_large_image" />
<script type="application/ld+json" class="yoast-schema-graph">{"@context":"https://schema.org","@graph":[{"@type":"CollectionPage","@id":"https://groupe-capvert.com/en/category/amenagements-urbains/","url":"https://groupe-capvert.com/en/category/amenagements-urbains/","name":"Aménagements urbains - Groupe Cap Vert","isPartOf":{"@id":"https://groupe-capvert.com/#website"},"description":"L'expertise Cap Vert s’étend à la création de fontaines dans les espaces urbains, ajoutant une touche rafraîchissante et poétique à notre vision de l’urbanité harmonieuse. Notre approche holistique intègre l’eau et la végétation pour créer des espaces urbains accueillants, inspirants et durables.","breadcrumb":{"@id":"https://groupe-capvert.com/en/category/amenagements-urbains/#breadcrumb"},"inLanguage":"en-GB"},{"@type":"BreadcrumbList","@id":"https://groupe-capvert.com/en/category/amenagements-urbains/#breadcrumb","itemListElement":[{"@type":"ListItem","position":1,"name":"Accueil","item":"https://groupe-capvert.com/"},{"@type":"ListItem","position":2,"name":"Nos activités","item":"https://groupe-capvert.com/category/activites/"},{"@type":"ListItem","position":3,"name":"Aménagements urbains"}]},{"@type":"WebSite","@id":"https://groupe-capvert.com/en/#website","url":"https://groupe-capvert.com/en/","name":"Groupe Cap Vert","description":"","publisher":{"@id":"https://groupe-capvert.com/en/#organization"},"potentialAction":[{"@type":"SearchAction","target":{"@type":"EntryPoint","urlTemplate":"https://groupe-capvert.com/en/?s={search_term_string}"},"query-input":{"@type":"PropertyValueSpecification","valueRequired":true,"valueName":"search_term_string"}}],"inLanguage":"en-GB"},{"@type":"Organization","@id":"https://groupe-capvert.com/en/#organization","name":"Groupe Cap Vert","url":"https://groupe-capvert.com/en/","logo":{"@type":"ImageObject","inLanguage":"en-GB","@id":"https://groupe-capvert.com/en/#/schema/logo/image/","url":"https://groupe-capvert.com/wp-content/uploads/2023/10/logo.png","contentUrl":"https://groupe-capvert.com/wp-content/uploads/2023/10/logo.png","width":763,"height":354,"caption":"Groupe Cap Vert"},"image":{"@id":"https://groupe-capvert.com/en/#/schema/logo/image/"},"sameAs":["https://www.linkedin.com/company/groupe-capvert"]}]}</script>
<!-- / Yoast SEO plugin. -->

Aménagements urbains - Groupe Cap Vert

L'expertise Cap Vert s’étend à la création de fontaines dans les espaces urbains, ajoutant une touche rafraîchissante et poétique à notre vision de l’urbanité harmonieuse. Notre approche holistique intègre l’eau et la végétation pour créer des espaces urbains accueillants, inspirants et durables.

Nos activités
